{"id":1362,"date":"2021-02-14T19:24:47","date_gmt":"2021-02-14T19:24:47","guid":{"rendered":"https:\/\/www.villa-doel.com\/sto-posjetiti-u-zadru\/"},"modified":"2021-03-24T17:24:11","modified_gmt":"2021-03-24T17:24:11","slug":"was-sollten-sie-besuchen-in-zadar","status":"publish","type":"page","link":"https:\/\/www.villa-doel.com\/de\/was-sollten-sie-besuchen-in-zadar\/","title":{"rendered":"Was sollten Sie besuchen in Zadar?"},"content":{"rendered":"[vc_row content_placement=&#8221;middle&#8221; wrap_container=&#8221;true&#8221; el_id=&#8221;everything-right-section&#8221;][vc_column width=&#8221;1\/3&#8243; offset=&#8221;vc_col-xs-12&#8243;][vc_column_text css=&#8221;.vc_custom_1616606254627{margin-bottom: 50px !important;}&#8221;]\n<h2 style=\"font-size: 30px; line-height: 35px; text-transform: uppercase; color: #252c41;\"><span style=\"color: #397cbf;\">zadar<\/span><br \/>\nKROATIEN<\/h2>\n[\/vc_column_text][vc_column_text css=&#8221;.vc_custom_1616606636267{margin-bottom: 0px !important;}&#8221;]\n<h3>Zadar<\/h3>\n<p>&nbsp;<\/p>\n<p>ist eine kroatische Stadt an der Adria, das Zentrum der Gespanschaft Zadar und des breiteren regionalen Komplexes von Norddalmatien und Lika. Die Stadt Zadar ist wie ein Museum im Freien, in dem ihre pr\u00e4chtige permanente Museumsausstellung \u2013 wie ein Reisef\u00fchrer \u2013 durch malerische Stra\u00dfen und enge Gassen f\u00fchrt. Die Stadtmauern sind die alten W\u00e4chter dieses historischen Museums, w\u00e4hrend etwas weiter von ihnen neue Stadtattraktionen, wie der Gru\u00df an die Sonne oder die Meeresorgel, von der Stadt und ihrer unzerst\u00f6rbaren Inspiration zeugen.<\/p>\n<h3>Was sollten Sie besuchen?<\/h3>\n<p>&nbsp;<\/p>\n<ul>\n<li>Kathedrale St. Anastasia<\/li>\n<li>Kirche St. Donatus<\/li>\n<li>Kirche St. Chrysogonus<\/li>\n<li>Kirche und Kloster St. Maria<\/li>\n<li>Stomorica-Kirche<\/li>\n<li>Kirche und Kloster St. Michael<\/li>\n<li>Kirche und Kloster St. Dominik<\/li>\n<li>Kirche und Kloster St. Franz<\/li>\n<li>Kirche unserer Lieben Frau von der Gesundheit<\/li>\n<li>Kroatisches Nationaltheater<\/li>\n<li>Uferpromenade Riva<\/li>\n<li>Puppentheater Zadar<\/li>\n<li>Kalelarga<\/li>\n<li>Barkajoli<\/li>\n<li>Kleines Arsenal<\/li>\n<li>Petar Zorani\u0107 Platz<\/li>\n<li>Der Platz der f\u00fcnf Brunnen<\/li>\n<li>Gru\u00df an die Sonne<\/li>\n<li>Varo\u0161-Viertel<\/li>\n<li>Meeresorgel<\/li>\n<li>Fo\u0161a<\/li>\n<li>Forum<\/li>\n<li>Parks<\/li>\n<li>Stadtmauern unter UNESCO-Schutz<\/li>\n<li>Sphinx<\/li>\n<li>Volksplatz<\/li>\n<li>\uf0fc Pal\u00e4ste Grisogono Vovo, Cedulin, Rektorpalast, Providur-Palast, Nassis und Petrizio, Gerichtspalast<\/li>\n<li>Museums<\/li>\n<\/ul>\n[\/vc_column_text][\/vc_column][vc_column width=&#8221;2\/3&#8243; offset=&#8221;vc_col-lg-offset-1 vc_col-lg-7 vc_col-md-offset-0 vc_col-md-8 vc_col-sm-offset-0 vc_col-xs-12&#8243; css=&#8221;.vc_custom_1554818202251{padding-right: 8px !important;padding-left: 8px !important;}&#8221;]\r\n\t\t<div id=\"lordcros-image-gallery-160869f45f09d1c56\" class=\"lordcros-shortcode-element lordcros-shortcode-img-gallery  gallery-view-grid-method\" style=\"animation-delay: 1s;\">\r\n\t\t\t\r\n\t\t\t\r\n\t\t\t<div class=\"image-gallery-inner\" data-col=\"2\" data-margin-val=\"15\">\r\n\t\t\t\t\t\t\t\t\t\t\t<div class=\"lordcros-image-wrap\">\r\n\t\t\t\t\t\t\t\t<img loading=\"lazy\" decoding=\"async\" class=\"\" src=\"https:\/\/www.villa-doel.com\/wp-content\/uploads\/2021\/02\/zadar-01-320x450.jpg\" width=\"320\" height=\"450\" alt=\"zadar-01\" title=\"zadar-01\" \/>\t\t\t\t\t\t\t<\/div>\r\n\t\t\t\t\t\t\t\t\t\t\t\t\t<div class=\"lordcros-image-wrap\">\r\n\t\t\t\t\t\t\t\t<img loading=\"lazy\" decoding=\"async\" class=\"\" src=\"https:\/\/www.villa-doel.com\/wp-content\/uploads\/2021\/02\/zadar-02-320x450.jpg\" width=\"320\" height=\"450\" alt=\"zadar-02\" title=\"zadar-02\" \/>\t\t\t\t\t\t\t<\/div>\r\n\t\t\t\t\t\t\t\t\t\t\t\t\t<div class=\"lordcros-image-wrap\">\r\n\t\t\t\t\t\t\t\t<img loading=\"lazy\" decoding=\"async\" class=\"\" src=\"https:\/\/www.villa-doel.com\/wp-content\/uploads\/2021\/02\/zadar-03-320x450.jpg\" width=\"320\" height=\"450\" alt=\"zadar-03\" title=\"zadar-03\" \/>\t\t\t\t\t\t\t<\/div>\r\n\t\t\t\t\t\t\t\t\t\t\t\t\t<div class=\"lordcros-image-wrap\">\r\n\t\t\t\t\t\t\t\t<img loading=\"lazy\" decoding=\"async\" class=\"\" src=\"https:\/\/www.villa-doel.com\/wp-content\/uploads\/2021\/02\/zadar-04-320x450.jpg\" width=\"320\" height=\"450\" alt=\"zadar-04\" title=\"zadar-04\" \/>\t\t\t\t\t\t\t<\/div>\r\n\t\t\t\t\t\t\t\t\t\t\t\t\t<div class=\"lordcros-image-wrap\">\r\n\t\t\t\t\t\t\t\t<img loading=\"lazy\" decoding=\"async\" class=\"\" src=\"https:\/\/www.villa-doel.com\/wp-content\/uploads\/2021\/02\/zadar-05-320x450.jpg\" width=\"320\" height=\"450\" alt=\"zadar-05\" title=\"zadar-05\" \/>\t\t\t\t\t\t\t<\/div>\r\n\t\t\t\t\t\t\t\t\t\t\t\t\t<div class=\"lordcros-image-wrap\">\r\n\t\t\t\t\t\t\t\t<img loading=\"lazy\" decoding=\"async\" class=\"\" src=\"https:\/\/www.villa-doel.com\/wp-content\/uploads\/2021\/02\/zadar-06-320x450.jpg\" width=\"320\" height=\"450\" alt=\"Zadar 2012.\rphoto Filip Brala +385 95 111 111 0\" title=\"Zadar 2012.\rphoto Filip Brala +385 95 111 111 0\" \/>\t\t\t\t\t\t\t<\/div>\r\n\t\t\t\t\t\t\t\t\t\t\t\t\t<div class=\"lordcros-image-wrap\">\r\n\t\t\t\t\t\t\t\t<img loading=\"lazy\" decoding=\"async\" class=\"\" src=\"https:\/\/www.villa-doel.com\/wp-content\/uploads\/2021\/02\/zadar-07-320x450.jpg\" width=\"320\" height=\"450\" alt=\"folklor\r27.07.12.\" title=\"folklor\r27.07.12.\" \/>\t\t\t\t\t\t\t<\/div>\r\n\t\t\t\t\t\t\t\t\t\t\t\t\t<div class=\"lordcros-image-wrap\">\r\n\t\t\t\t\t\t\t\t<img loading=\"lazy\" decoding=\"async\" class=\"\" src=\"https:\/\/www.villa-doel.com\/wp-content\/uploads\/2021\/02\/zadar-08-320x450.jpg\" width=\"320\" height=\"450\" alt=\"zadar-08\" title=\"zadar-08\" \/>\t\t\t\t\t\t\t<\/div>\r\n\t\t\t\t\t\t\t\t\t<\/div>\r\n\t\t<\/div>\r\n\r\n\t[\/vc_column][\/vc_row]\n","protected":false},"excerpt":{"rendered":"<p>[vc_row content_placement=&#8221;middle&#8221; wrap_container=&#8221;true&#8221; el_id=&#8221;everything-right-section&#8221;][vc_column width=&#8221;1\/3&#8243; offset=&#8221;vc_col-xs-12&#8243;][vc_column_text css=&#8221;.vc_custom_1616606254627{margin-bottom: 50px !important;}&#8221;] zadar KROATIEN [\/vc_column_text][vc_column_text css=&#8221;.vc_custom_1616606636267{margin-bottom: 0px !important;}&#8221;] Zadar &nbsp; ist eine kroatische Stadt an der Adria, das Zentrum der Gespanschaft Zadar und des breiteren regionalen Komplexes von Norddalmatien und Lika. Die Stadt Zadar ist wie ein Museum im Freien, in dem ihre pr\u00e4chtige permanente Museumsausstellung \u2013 wie [&hellip;]<\/p>\n","protected":false},"author":1,"featured_media":0,"parent":0,"menu_order":0,"comment_status":"closed","ping_status":"closed","template":"","meta":{"footnotes":""},"class_list":["post-1362","page","type-page","status-publish","hentry"],"_links":{"self":[{"href":"https:\/\/www.villa-doel.com\/de\/wp-json\/wp\/v2\/pages\/1362","targetHints":{"allow":["GET"]}}],"collection":[{"href":"https:\/\/www.villa-doel.com\/de\/wp-json\/wp\/v2\/pages"}],"about":[{"href":"https:\/\/www.villa-doel.com\/de\/wp-json\/wp\/v2\/types\/page"}],"author":[{"embeddable":true,"href":"https:\/\/www.villa-doel.com\/de\/wp-json\/wp\/v2\/users\/1"}],"replies":[{"embeddable":true,"href":"https:\/\/www.villa-doel.com\/de\/wp-json\/wp\/v2\/comments?post=1362"}],"version-history":[{"count":2,"href":"https:\/\/www.villa-doel.com\/de\/wp-json\/wp\/v2\/pages\/1362\/revisions"}],"predecessor-version":[{"id":1365,"href":"https:\/\/www.villa-doel.com\/de\/wp-json\/wp\/v2\/pages\/1362\/revisions\/1365"}],"wp:attachment":[{"href":"https:\/\/www.villa-doel.com\/de\/wp-json\/wp\/v2\/media?parent=1362"}],"curies":[{"name":"wp","href":"https:\/\/api.w.org\/{rel}","templated":true}]}}

[vc_row content_placement=&#8221;middle&#8221; wrap_container=&#8221;true&#8221; el_id=&#8221;everything-right-section&#8221;][vc_column width=&#8221;1/3&#8243; offset=&#8221;vc_col-xs-12&#8243;][vc_column_text css=&#8221;.vc_custom_1616606254627{margin-bottom: 50px !important;}&#8221;]
<h2 style="font-size: 30px; line-height: 35px; text-transform: uppercase; color: #252c41;"><span style="color: #397cbf;">zadar</span><br />
KROATIEN</h2>
[/vc_column_text][vc_column_text css=&#8221;.vc_custom_1616606636267{margin-bottom: 0px !important;}&#8221;]
<h3>Zadar</h3>
<p>&nbsp;</p>
<p>ist eine kroatische Stadt an der Adria, das Zentrum der Gespanschaft Zadar und des breiteren regionalen Komplexes von Norddalmatien und Lika. Die Stadt Zadar ist wie ein Museum im Freien, in dem ihre prächtige permanente Museumsausstellung – wie ein Reiseführer – durch malerische Straßen und enge Gassen führt. Die Stadtmauern sind die alten Wächter dieses historischen Museums, während etwas weiter von ihnen neue Stadtattraktionen, wie der Gruß an die Sonne oder die Meeresorgel, von der Stadt und ihrer unzerstörbaren Inspiration zeugen.</p>
<h3>Was sollten Sie besuchen?</h3>
<p>&nbsp;</p>
<ul>
<li>Kathedrale St. Anastasia</li>
<li>Kirche St. Donatus</li>
<li>Kirche St. Chrysogonus</li>
<li>Kirche und Kloster St. Maria</li>
<li>Stomorica-Kirche</li>
<li>Kirche und Kloster St. Michael</li>
<li>Kirche und Kloster St. Dominik</li>
<li>Kirche und Kloster St. Franz</li>
<li>Kirche unserer Lieben Frau von der Gesundheit</li>
<li>Kroatisches Nationaltheater</li>
<li>Uferpromenade Riva</li>
<li>Puppentheater Zadar</li>
<li>Kalelarga</li>
<li>Barkajoli</li>
<li>Kleines Arsenal</li>
<li>Petar Zoranić Platz</li>
<li>Der Platz der fünf Brunnen</li>
<li>Gruß an die Sonne</li>
<li>Varoš-Viertel</li>
<li>Meeresorgel</li>
<li>Foša</li>
<li>Forum</li>
<li>Parks</li>
<li>Stadtmauern unter UNESCO-Schutz</li>
<li>Sphinx</li>
<li>Volksplatz</li>
<li> Paläste Grisogono Vovo, Cedulin, Rektorpalast, Providur-Palast, Nassis und Petrizio, Gerichtspalast</li>
<li>Museums</li>
</ul>
[/vc_column_text][/vc_column][vc_column width=&#8221;2/3&#8243; offset=&#8221;vc_col-lg-offset-1 vc_col-lg-7 vc_col-md-offset-0 vc_col-md-8 vc_col-sm-offset-0 vc_col-xs-12&#8243; css=&#8221;.vc_custom_1554818202251{padding-right: 8px !important;padding-left: 8px !important;}&#8221;]
		<div id="lordcros-image-gallery-160869f45f09d1c56" class="lordcros-shortcode-element lordcros-shortcode-img-gallery  gallery-view-grid-method" style="animation-delay: 1s;">
			
			
			<div class="image-gallery-inner" data-col="2" data-margin-val="15">
											<div class="lordcros-image-wrap">
								<img loading="lazy" decoding="async" class="" src="https://www.villa-doel.com/wp-content/uploads/2021/02/zadar-01-320x450.jpg" width="320" height="450" alt="zadar-01" title="zadar-01" />							</div>
													<div class="lordcros-image-wrap">
								<img loading="lazy" decoding="async" class="" src="https://www.villa-doel.com/wp-content/uploads/2021/02/zadar-02-320x450.jpg" width="320" height="450" alt="zadar-02" title="zadar-02" />							</div>
													<div class="lordcros-image-wrap">
								<img loading="lazy" decoding="async" class="" src="https://www.villa-doel.com/wp-content/uploads/2021/02/zadar-03-320x450.jpg" width="320" height="450" alt="zadar-03" title="zadar-03" />							</div>
													<div class="lordcros-image-wrap">
								<img loading="lazy" decoding="async" class="" src="https://www.villa-doel.com/wp-content/uploads/2021/02/zadar-04-320x450.jpg" width="320" height="450" alt="zadar-04" title="zadar-04" />							</div>
													<div class="lordcros-image-wrap">
								<img loading="lazy" decoding="async" class="" src="https://www.villa-doel.com/wp-content/uploads/2021/02/zadar-05-320x450.jpg" width="320" height="450" alt="zadar-05" title="zadar-05" />							</div>
													<div class="lordcros-image-wrap">
								<img loading="lazy" decoding="async" class="" src="https://www.villa-doel.com/wp-content/uploads/2021/02/zadar-06-320x450.jpg" width="320" height="450" alt="Zadar 2012.photo Filip Brala +385 95 111 111 0" title="Zadar 2012.photo Filip Brala +385 95 111 111 0" />							</div>
													<div class="lordcros-image-wrap">
								<img loading="lazy" decoding="async" class="" src="https://www.villa-doel.com/wp-content/uploads/2021/02/zadar-07-320x450.jpg" width="320" height="450" alt="folklor27.07.12." title="folklor27.07.12." />							</div>
													<div class="lordcros-image-wrap">
								<img loading="lazy" decoding="async" class="" src="https://www.villa-doel.com/wp-content/uploads/2021/02/zadar-08-320x450.jpg" width="320" height="450" alt="zadar-08" title="zadar-08" />							</div>
									</div>
		</div>

	[/vc_column][/vc_row]

<p>[vc_row content_placement=&#8221;middle&#8221; wrap_container=&#8221;true&#8221; el_id=&#8221;everything-right-section&#8221;][vc_column width=&#8221;1/3&#8243; offset=&#8221;vc_col-xs-12&#8243;][vc_column_text css=&#8221;.vc_custom_1616606254627{margin-bottom: 50px !important;}&#8221;] zadar KROATIEN [/vc_column_text][vc_column_text css=&#8221;.vc_custom_1616606636267{margin-bottom: 0px !important;}&#8221;] Zadar &nbsp; ist eine kroatische Stadt an der Adria, das Zentrum der Gespanschaft Zadar und des breiteren regionalen Komplexes von Norddalmatien und Lika. Die Stadt Zadar ist wie ein Museum im Freien, in dem ihre prächtige permanente Museumsausstellung – wie [&hellip;]</p>
